e highest common factor of i and 3.
1
Let j(f) = 12*f**2. Let v be j(1). Let q = 62 + -24. Let t = 68 - q. What is the highest common factor of t and v?
6
Let q be ((-1)/2)/(1/118). Let s = q + 91. What is the highest common divisor of s and 16?
16
Let o be 2065/63 + (-4)/(-18). Let t = 28 + -17. What is the highest common factor of o and t?
11
Let x(s) = -7*s + 1. Let f(j) = 21*j - 2. Let k(r) = -4*f(r) - 11*x(r). Let a be k(-2). Let t = -5 + a. Calculate the greatest common factor of 9 and t.
3
Let z be (-17250)/(-102) - (-10)/(-85). Calculate the greatest common divisor of z and 13.
13
Let f(k) = 3*k**2 + 7*k - 17. Let g be f(-5). Calculate the greatest common factor of 46 and g.
23
Suppose -2*k - r = -30, 72 = 4*k + 6*r - r. Calculate the greatest common divisor of k and 26.
13
Let a be 6/(-33) + 48/22. What is the greatest common divisor of a and 5?
1
Let y = -15 - -23. Let h(g) = g + 6. Let b be h(-3). Suppose -b*l = -4 - 2. What is the greatest common divisor of l and y?
2
Let l be ((-3)/9)/(1/(-45)). What is the greatest common factor of 45 and l?
15
Let j = -106 - -190. Suppose 3*b = h + 100, 0 = -4*b - h + 47 + j. What is the highest common factor of b and 22?
11
Let d(o) be the third derivative of o**4/24 - 7*o**3/6 + 6*o**2. Let h be d(9). What is the greatest common divisor of h and 20?
2
Let k(y) = -5*y - 1. Let p be k(-2). Suppose 3*d - 363 = -4*s, 0 = s - 5*d - 37 - 48. Calculate the greatest common factor of p and s.
9
Let j be (-10)/40 - 201/(-4). Calculate the greatest common divisor of 10 and j.
10
Suppose -7*c = -5*c - 124. Calculate the highest common factor of 31 and c.
31
Suppose 0 = -5*p + 119 + 151. Calculate the greatest common divisor of 27 and p.
27
Let c(h) = h**2 + 3*h - 3. Let v be c(4). Let b = -7 - -17. Let w be 4/(3 + (-26)/b). What is the highest common divisor of w and v?
5
Let m be -4 + 4 - (0 + 0). Let w = 1 + m. Let l be ((-6)/9)/(w/(-15)). Calculate the highest common factor of l and 110.
10
Let r(l) = 4*l. Let f be r(4). Let z = f - -3. Let b = z + -5. What is the greatest common divisor of 42 and b?
14
Let r(x) = -x**3 - 17*x**2 - 4*x - 20. Let g be r(-17). What is the highest common factor of 24 and g?
24
Suppose -n = -2*n - g - 80, -290 = 4*n - 2*g. Let d = 131 + n. Calculate the greatest common divisor of 7 and d.
7
Let h(z) = -14*z - 2. Let j be h(-3). Let q = 80 - j. What is the highest common factor of q and 60?
20
Let r(l) be the third derivative of l**6/120 + l**5/30 - 7*l**3/6 + l**2. Let a be r(5). Calculate the greatest common divisor of 21 and a.
21
Let x be 105/10*(-16)/(-6). Suppose -t - 2*t = 0. Let z be (-1 - t)*1*-4. Calculate the highest common factor of x and z.
4
Let o = -14 + 17. Let r = 1 - -2. What is the highest common factor of r and o?
3
Let f be 35/(-10) - (-2)/4. Let l be (-146)/(-6) - (-1)/f. Let a = -28 - -40. Calculate the highest common divisor of a and l.
12
Let v(j) = 3*j + 13. Let b be v(3). Calculate the highest common factor of b and 22.
22
Let g = 176 + -5. Calculate the highest common factor of 19 and g.
19
Suppose 5*m - 264 = 96. Suppose 3*z + 0*z = 24. Calculate the highest common divisor of z and m.
8
Suppose 10 = 2*t + 4*z - 8, z = 2*t + 2. What is the highest common divisor of 4 and t?
1
Suppose 2*n - 727 = 4*g + 171, -2*n + 2*g = -900. What is the highest common factor of n and 41?
41
Let u(w) = 9*w - 9. Let v be u(9). Suppose 40 = 5*l - 0*l. Calculate the highest common divisor of l and v.
8
Let n be (-271)/(-3) - (-18)/(-54). Calculate the highest common divisor of n and 18.
18
Let g(w) = w**2 - 21*w + 35. Let f be g(26). What is the greatest common divisor of f and 15?
15
Let u be 2/(3/(9/2)). Suppose u*z = -2*z + 35. Calculate the greatest common divisor of z and 7.
7
Let b(c) = c**2 - 3*c - 6. Let g be b(-7). Calculate the greatest common divisor of 96 and g.
32
Suppose -2*l + 147 = -267. Calculate the highest common divisor of l and 23.
23
Suppose 18*k = 21*k - 69. What is the greatest common factor of 207 and k?
23
Let d be (8/12)/((-4)/(-30)). Let r be -2 - -4 - (-7 - 1). Calculate the greatest common divisor of r and d.
5
Let l(w) = w**3 + w**2 - 2*w - 1. Let p be l(-1). Calculate the greatest common divisor of p and 9.
1
Let y(k) = -k**2 - 6*k - 2. Let a be y(-5). Suppose -3*s = -s - 6. Suppose -a*v + v = 4*c - 36, -5*v = s*c - 76. What is the highest common divisor of 21 and v?
7
Suppose -2*t = 2*h - 3*t - 8, 4*h = -3*t + 6. What is the greatest common factor of h and 12?
3
Suppose 0 = -3*o + r + 9, -5*r - 8 = -5*o - 3. Suppose 0 = -3*w - 21 + 81. Calculate the highest common factor of w and o.
4
Suppose -2*q + 5*l + 22 = 0, 2*l = -l - 12. Let o be q/(((-7)/10)/(-7)). Let t be (35/3)/((-2)/(-12)). What is the highest common divisor of t and o?
10
Let h(u) be the second derivative of -19*u**3/3 + u**2/2 + u. Let y be h(-1). Calculate the highest common factor of y and 13.
13
Suppose 2*q - 96 = q. Suppose -m = -q - 25. What is the greatest common divisor of 11 and m?
11
Let f(w) = w**2 + 2*w - 3. Let d be f(2). Let m = 18 + -13. Suppose -u - 40 = -m*u. What is the greatest common factor of u and d?
5
Let m(y) = -y**3 - 6*y**2 - 4*y - 9. Let f be m(-6). Let q be (-5)/(100/(-132))*f. What is the highest common factor of q and 11?
11
Let g = -6 - -69. Let i(p) = -p - 1. Let h(t) = -t - 4. Let b(x) = -h(x) + 2*i(x). Let u be b(-7). What is the highest common factor of g and u?
9
Let n(b) = b**3 + 11*b**2 + 7. Let x be ((-10)/25)/(2/30). Let m be n(x). What is the highest common factor of m and 17?
17
Let m(v) = -v**2 + 8*v. Let a(p) = p**3 - 6*p**2 + p + 1. Let g be a(6). Let u be m(g). Calculate the greatest common divisor of 56 and u.
7
Suppose 0 = 5*w - 3*w. Suppose w*i - i - 147 = 0. Let a be (5/(-3))/(7/i). What is the highest common divisor of a and 5?
5
Suppose -4*k + 18 + 18 = 0. Let s = k + -3. What is the highest common factor of s and 6?
6
Let j be 1/(1/(2 - -2)). What is the highest common factor of 2 and j?
2
Let i(j) = -j**3 - 20*j**2 + 21*j + 60. Let k be i(-21). Suppose 8*t = 5*t - 12. Let r be (6/t)/(3/(-80)). What is the highest common factor of r and k?
20
Let b = 52 - 32. Suppose 0 = -2*o + o + b. What is the greatest common divisor of o and 8?
4
Let k(x) = -x**2 + 5*x + 2. Let j be k(4). Let d be (-18)/j - 2*1. Let s be ((-4)/d)/(1/20). What is the greatest common factor of 40 and s?
8
Suppose 18*w = 21*w - 105. Calculate the greatest common divisor of w and 7.
7
Let m = 13 - 3. Let w be 1874/m - 4/10. What is the highest common divisor of w and 17?
17
Suppose 0 = 5*i - 43 - 27. Calculate the greatest common factor of i and 154.
14
Let r be ((-264)/(-7))/4*(-14)/(-2). Let k(y) = 2*y**2 + 2*y - 2. Let b be k(-4). What is the highest common divisor of b and r?
22
Let y be 2/2 + (-2)/(-1). Suppose 5*b - 1 - 9 = 0. Suppose -w - 2 + 1 = b*t, -w + 2*t + 3 = 0. What is the greatest common divisor of w and y?
1
Let n be 3/(-1 + 17/14). Suppose h - 5*v = -n, -4*h + 5*h - 2 = -3*v. Let g = h + 6. What is the highest common divisor of 14 and g?
2
Suppose -r = 3*x - 99, 3*x + 4*r = -x + 124. Calculate the highest common factor of 51 and x.
17
Let h = -23 - -62. What is the greatest common divisor of h and 13?
13
Let c = 23 + 7. Calculate the highest common factor of c and 30.
30
Let q be (-1 + 1)*6/12. Suppose q*z = 5*z + 4*y - 100, z + y - 19 = 0. Calculate the highest common divisor of z and 6.
6
Suppose 2*c - 6*c = -8. Let y be c/(-1) + 1 + 27. Let f = 47 - y. What is the highest common factor of f and 189?
21
Let s = -45 + 89. Suppose 5*y - 3*y = -5*a + s, 40 = 4*y - 2*a. Let d = 199 + -139. Calculate the highest common divisor of d and y.
12
Suppose -36*v + 53*v - 1530 = 0. Suppose s - 2 = 8. Calculate the highest common divisor of s and v.
10
Suppose 3*g = 3*i - 15, -4*g + 5*g - 7 = -5*i. Let o(r) = -3 - r**i + 2*r - 2 + 9 + 6*r. Let x be o(6). Calculate the greatest common divisor of 4 and x.
4
Suppose 17 = 3*j - 28. Suppose 2*a - 3 = -a. Let u = 4 - a. What is the greatest common factor of u and j?
3
Let y be 174/21 + 5/((-105)/6). What is the greatest common factor of y and 2?
2
Let b(j) = -j - 4. Suppose 0*p = 4*p + 56. Let x be b(p). What is the greatest common factor of 110 and x?
10
Let l be 1/6*2*6. Let n(j) = 4 - l - 5*j - 